7. Let p(t) = 5*t**2 + 27*t - 10. Let n(h) = -8*m(h) + 5*p(h). Let b be n(9). Suppose b*q - 468 = -0*q. What is the tens digit of q?
7
Let n be 2 + (-3 - (4 + (-7)/1)). Suppose -q - 20 = -5*b, 6*b - n*b + q = 7. Suppose -287 = -3*u - s, b*u = u - 3*s + 196. What is the tens digit of u?
9
Let t(n) = -354*n**3 + 2*n**2 - 2*n - 1. Let h be t(-2). What is the hundreds digit of 183/(-305) - h/(-5)?
5
Suppose -83*v + 2410430 = -49*v. What is the hundreds digit of v?
8
Suppose 4*t + 6*u + 99 = 3*u, -u + 3 = 0. Let s = 25 + t. What is the units digit of 1 - 12/(-4) - s?
6
Suppose 0 = 5*u - c - 6519, -u - 2*u + 3*c = -3909. Let y = u + -614. What is the tens digit of y?
9
Let m(w) = -w**3 - 3*w**2 + 2*w. Let y be m(0). Let p be (-42)/9*18/(-7). Suppose -4*z + p = y, 417 = f + 3*f - z. What is the units digit of f?
5
Let d = -10831 - -21318. What is the thousands digit of d?
0
Suppose 5*d + 3*l = 365, l - 355 = -3*d - 2*d. Suppose 4*w - 14*w = -d. Let q(v) = 31*v + 61. What is the units digit of q(w)?
8
What is the hundreds digit of 24*(-45)/(-36)*38*82/10?
3
Let y be (482/(-10))/((-41)/5 + 8). Suppose 2*q - y - 467 = 0. What is the tens digit of q?
5
Suppose -39*h + 26453 + 21634 = 0. Let u = h + -197. What is the hundreds digit of u?
0
Suppose -o + 5*t = -6*o + 30, -18 = -5*o - 2*t. Suppose 2*q = 4*i - i + o, 0 = -4*i + 4*q. What is the units digit of i/(-3)*(-18)/(-12)?
1
Suppose 4*p + 33 = 3*f, -f - 68 = 4*p + 3*f. Let s be (-6)/(-14) + p/28. Suppose -4*d + 2*i = -i - 771, s = 3*d - i - 572. What is the hundreds digit of d?
1
Let z = -17332 - -21043. What is the thousands digit of z?
3
Suppose -101978 = 21*l - 33*l + 46042. What is the units digit of l?
5
Let r(a) = a**3 - 10*a**2 + 25*a - 20. Let u be r(7). Suppose -u*d = 7*d - 4230. What is the hundreds digit of d?
2
Let s = -61 - -61. Suppose 29*m - 28*m - 683 = s. What is the hundreds digit of m?
6
Let w = -25 - 519. Let q = 873 + w. What is the units digit of q?
9
Let g = -16685 + 55302. What is the hundreds digit of g?
6
Suppose -783*a + 25599840 = -403*a. What is the ten thousands digit of a?
6
What is the hundreds digit of (-24)/4*(-1295 - (18 + -9 - 4))?
8
Let h = 1999 - 684. Let w = -452 + h. What is the hundreds digit of w?
8
Suppose -2*g = -29 + 11. Let a be 3/(-2)*(-42)/g. Let h = 16 - a. What is the units digit of h?
9
Suppose -2*p = 4*p - 25722. Suppose -4*i + p = 5*d, 2*d - 5*i = -0*d + 1695. What is the tens digit of d?
5
What is the tens digit of (10 + 53755/39)*6?
3
Let d = 75 + -133. Let n = -4 - d. What is the units digit of n?
4
Let h = 15045 - 7475. What is the units digit of h?
0
What is the units digit of -7*6/105*5 - -128*477?
4
Let y(t) = -5*t**3 - 58*t**2 + 41*t - 103. What is the tens digit of y(-19)?
7
Suppose m = 88*n - 91*n + 24720, 4*n - m = 32953. What is the units digit of n?
9
Suppose 2*h + 171 = 5*o - 41, 0 = -3*h + o - 292. Suppose -19*s = -24*s - 25. What is the hundreds digit of h*(s + (-5)/(-2))?
2
What is the units digit of (60779 + 22 - -20) + -24?
7
Let j(w) = -3*w - 15. Let k be j(-9). Let l = k - 1. Let x = l - 4. What is the units digit of x?
7
Let i(l) = -2*l**2 - 118*l - 120. What is the hundreds digit of i(-49)?
8
Suppose 4*o + 224626 = 5*u, 0 = -4*u + 20*o - 23*o + 179645. What is the hundreds digit of u?
9
Let j(i) = -i**3 + 8*i**2 + 12*i - 4. Let f be j(8). Let q = -56 + 66. What is the units digit of f/q*5/2?
3
Suppose -13*t = -2*t - 33. Let m be ((-20)/t)/((-4)/(-30)). What is the tens digit of 2/(-5) - 3120/m?
6
Let c = -21472 + 37932. What is the hundreds digit of c?
4
Let f = 12 - 12. Suppose f = 5*p - 13*p + 10504. What is the hundreds digit of p?
3
Let a(y) = -3*y**2 + 2*y - 6. Let u be a(3). Let r be ((-2)/(-4))/(11/1958). Let k = r + u. What is the tens digit of k?
6
Suppose -1188 = -3*d - d - 3*n, -4*d - 4*n + 1184 = 0. Let q = -185 + d. Let m = q - 31. What is the units digit of m?
4
Let j = -97 + 112. Suppose -5*o = j, -4*i + i + 84 = 3*o. What is the units digit of i?
1
Suppose 2*q + 2*c = 0, -15*q + 5*c = -10*q + 10. Let h = -11 - -46. What is the units digit of q - (-4)/(20/h)?
6
Suppose 1308 = -3*v + 5*v. Let k(h) = h**3 + 8*h**2 + 10*h + 26. Let w be k(-7). What is the tens digit of (2 - v/15)/((-1)/w)?
0
Suppose q - 14009 = 2*f, 0 = 5*q + 2*f + 28959 - 99076. What is the ten thousands digit of q?
1
Suppose -3*c - 6 - 5 = -2*i, -51 = -2*i - 5*c. Suppose -9*t + i = 4*t. What is the units digit of t - -1 - (-22 + 0)?
4
Let w(d) = 4*d - 2. Suppose n - 9 = -4*t, -3*n - 7 = -6*n - 2*t. Let m be w(n). Suppose 5*z + m*a = 24, -2*a = 3*z - 3*a - 10. What is the units digit of z?
4
What is the hundreds digit of 2/(-1) + 72/(-6 + -2) + 1087?
0
Suppose 643565 - 2579141 = -29*c. What is the thousands digit of c?
6
Suppose -1427 = -6*r - 119. Suppose -9 = 2*s - 3, -r = -4*z + 2*s. What is the units digit of z?
3
Let x(z) = 2*z**3 + 5*z**2 - 7*z - 15. Let c be x(-2). Let h = 0 + -1. What is the tens digit of (c/6)/(h - (-820)/816)?
0
Let t be ((-104)/6)/2*-6. Let o be ((-153)/21)/(-15 + 1560/105). Suppose -2*g + u = -45 - t, -g = -u - o. What is the units digit of g?
6
Let k be 2951 + (-2 + 4 - (-5 - -3)). What is the units digit of (-2 - -4) + 1 + k/5?
4
Let q be (-8397)/(-6) - (-1)/2. What is the tens digit of (-1 + q)/(-95 - -96)?
9
Let h = -60 + 98. Suppose -5*c - 2*n = 340, 0 = 3*c - n + 177 + h. Let d = c + 127. What is the units digit of d?
7
Let h(w) = -3*w**2 + 28*w - 7. Let p be h(9). Suppose -5*n + 6*m - 3*m = -690, p*n + 5*m = 276. What is the hundreds digit of n?
1
Suppose 0 = 24*b - 37*b + 30*b - 151453. What is the thousands digit of b?
8
Let h(x) = -3*x**3 - 19*x**2 + 22*x + 34. Let r(k) = k**3 + 6*k**2 - 7*k - 11. Let g(q) = -6*h(q) - 17*r(q). What is the tens digit of g(-12)?
3
Let z = -90 + 40. Let x = z + 50. Let h(g) = -g**3 + 54. What is the units digit of h(x)?
4
Let g(q) = q**3 + 31*q**2 + 83*q + 37. Let o be g(-28). Suppose 421*y + o = 426*y. What is the tens digit of y?
1
Let t = 78860 - 45695. What is the units digit of t?
5
Let u(y) = y**2 + 44*y + 10531. What is the thousands digit of u(0)?
0
Let o(r) = -2*r**3 - 17*r**2 + 3*r + 275. What is the hundreds digit of o(-18)?
3
Let y(z) = z**3 - 17*z**2 - 35*z - 17. Let r be y(19). Suppose r*k + 954 = 43*k. What is the hundreds digit of k?
3
Let a(p) = 28699*p**2 - 38*p - 3. What is the tens digit of a(-1)?
3
Let x = -1334 + 6661. What is the tens digit of x?
2
Suppose 4*h + 35 = -4*j + 3, -4*j - 5*h = 28. Let x be (-6 + 1)/(j - -11). Suppose 589 = x*z + 154. What is the tens digit of z?
8
Suppose -417*l + 997633 = -100*l - 3823937. What is the units digit of l?
0
Let s be (-105689)/(-51) - (-2)/(-6). Suppose -s = -8*h - 80. What is the tens digit of h?
4
Let u = -13190 - -30273. What is the units digit of u?
3
Suppose 0 = 3*n + 3, -j + 2*n + 117 = 4*j. Suppose 0 = 4*k - 20, -2*o + 23*k = 20*k - j. What is the tens digit of o?
1
Let n(o) = 73*o + 114. Let b be n(-11). Let i = b + 1137. What is the tens digit of i?
4
Let b = 100 - 102. What is the hundreds digit of ((-8)/(-6) + b)*(-45045)/66?
4
Suppose -x - 4*h = 0, -4*x + 0*h = -5*h. Let s(f) be the third derivative of -11*f**4/24 + 33*f**3/2 - 144*f**2 - 2*f. What is the units digit of s(x)?
9
Let j be (15*6/4)/((-4)/(-848)). Suppose 71*v - j = 62*v. What is the hundreds digit of v?
5
Suppose -u - 3*h = 15, 4*u + 5 = -4*h + 3*h. Suppose -3*r + 13 = 5*p, u*p + p - 25 = 5*r. What is the units digit of (-3 + 70)/((-3 - r)/1)?
7
Suppose -36*a = 46*a + 8*a - 904500. What is the thousands digit of a?
0
Suppose 8 = -2*m - 0*m. Let w(c) be the first derivative of 5*c**3/3 + 4*c**2 + 14*c - 193. What is the tens digit of w(m)?
6
Suppose -6*l - 11*l + 136 = 0. Suppose 4360 = 2*q + l*q. What is the units digit of q?
6
Let s be (-3)/((-54)/(-3236)) + (-156)/702. What is the hundreds digit of s/75*815/(-3)?
6
Let i(m) = 29*m**2 - 4*m + 4. Let p be i(2). Suppose 0 = -5*y + 3*y + p. What is the tens digit of 14/y + (-270)/(-8)?
3
Suppose 4*o - 3*o + 3*z = -9, -4*o + 3*z + 24 = 0. Suppose o*m = 281 + 1501. What is the units digit of m?
4
Suppose -5*h + 0*j = j + 1559, -4*h - 1252 = 2*j. Let k = 466 + h. What is the hundreds digit of k?
1
Suppose 2284 = 15*o - 18761. Suppose -3*d + o + 940 = 0. What is the hundreds digit of d?
7
L